{"id":3480,"date":"2024-10-12T17:06:11","date_gmt":"2024-10-12T15:06:11","guid":{"rendered":"https:\/\/costadamorte.info\/sobre-o-autor\/"},"modified":"2024-10-12T17:06:11","modified_gmt":"2024-10-12T15:06:11","slug":"sobre-o-autor","status":"publish","type":"page","link":"https:\/\/guia.visitacostadamorte.com\/gl\/sobre-o-autor\/","title":{"rendered":"Sobre o autor"},"content":{"rendered":"","protected":false},"excerpt":{"rendered":"","protected":false},"author":1,"featured_media":2904,"parent":0,"menu_order":0,"comment_status":"closed","ping_status":"closed","template":"","meta":{"_acf_changed":false,"slim_seo":{"title":"Sobre o autor - Costa da Morte, conf\u00edn de Europa","description":"Xan Fern\u00e1ndez Carrera Xan Fern\u00e1ndez Carrera dedicou a s\u00faa vida a preservar a esencia da Costa da Morte, unindo a ensinanza coa paix\u00f3n pola s\u00faa terra. A s\u00faa obra"},"footnotes":""},"class_list":["post-3480","page","type-page","status-publish","has-post-thumbnail","hentry"],"acf":[],"_links":{"self":[{"href":"https:\/\/guia.visitacostadamorte.com\/gl\/wp-json\/wp\/v2\/pages\/3480","targetHints":{"allow":["GET"]}}],"collection":[{"href":"https:\/\/guia.visitacostadamorte.com\/gl\/wp-json\/wp\/v2\/pages"}],"about":[{"href":"https:\/\/guia.visitacostadamorte.com\/gl\/wp-json\/wp\/v2\/types\/page"}],"author":[{"embeddable":true,"href":"https:\/\/guia.visitacostadamorte.com\/gl\/wp-json\/wp\/v2\/users\/1"}],"replies":[{"embeddable":true,"href":"https:\/\/guia.visitacostadamorte.com\/gl\/wp-json\/wp\/v2\/comments?post=3480"}],"version-history":[{"count":0,"href":"https:\/\/guia.visitacostadamorte.com\/gl\/wp-json\/wp\/v2\/pages\/3480\/revisions"}],"wp:featuredmedia":[{"embeddable":true,"href":"https:\/\/guia.visitacostadamorte.com\/gl\/wp-json\/wp\/v2\/media\/2904"}],"wp:attachment":[{"href":"https:\/\/guia.visitacostadamorte.com\/gl\/wp-json\/wp\/v2\/media?parent=3480"}],"curies":[{"name":"wp","href":"https:\/\/api.w.org\/{rel}","templated":true}]}}

Sobre o autor - Costa da Morte, confín de Europa

Xan Fernández Carrera Xan Fernández Carrera dedicou a súa vida a preservar a esencia da Costa da Morte, unindo a ensinanza coa paixón pola súa terra. A súa obra
